98 - -3 - t) + 3. Is (-3 + a/1)/1 prime?
False
Let l be 1*-1*(17 + -33). Suppose -3*p - p = -l. Let a = 51 + p. Is a composite?
True
Suppose d = 3*t + 6*d - 2, -10 = 5*d. Let h(f) = -9*f - 4 + 7 + 28*f. Is h(t) prime?
True
Let j(b) = 7*b + 12. Let y(h) = 8*h + 13. Let n(m) = -4*j(m) + 3*y(m). Let s be n(-7). Suppose 4*l - s = -7. Is l prime?
True
Let b be 37 + 0/(-3) + 2. Suppose d - 40 = b. Is d a prime number?
True
Suppose 0*z + 3*z + n - 48957 = 0, 2*n + 81595 = 5*z. Is z a prime number?
True
Suppose 158*r + 17132 = 162*r. Is r composite?
False
Is -3*(-25)/(-45)*70662/(-10) prime?
True
Suppose -i + 6 = -87. Let n(a) = -a**3 - 3*a**2 + 3*a. Let m be n(-4). Suppose m*c + 5*h = 120 + i, -5*h = -c + 72. Is c a prime number?
False
Suppose -7*t - 1258 + 5969 = 0. Is t prime?
True
Suppose -2*v + c - 6 = -c, -15 = -5*c. Is 631 - (v - 0)*8/(-16) a prime number?
True
Is 229229/49 + (2/(-7))/2 composite?
True
Let j be 2/(-2)*(-4)/2. Let i(c) = 12*c + j + 0 + 5. Is i(6) a composite number?
False
Let v(w) = 12*w**2 - 2. Suppose -4*n + 0*n = -16. Suppose -2*u + n = -0*u. Is v(u) a composite number?
True
Let x be (-192027)/(-18) + 2/(-12). Is x/(-21)*14/(-8) composite?
True
Suppose o - 1604 - 51 = 0. Is o prime?
False
Let q be 1/(-4*(-4)/32). Suppose 4*z - 5*h = -3 - q, 5*z = -2*h + 2. Is -2 + 1 + z + 12 a composite number?
False
Let d be (7 - (-6)/((-12)/4)) + -1. Suppose d*u - 791 = 573. Is u composite?
True
Is -8 + (5386 - 8) - (-1 + 5) a composite number?
True
Suppose -3*m - 66 = -5*b, 4*b + m - 34 = b. Suppose -58 = -3*h + 2*i + 5, 4*i = b. Let n = 90 - h. Is n a prime number?
True
Suppose -f - 3107 = -4*y + y, 2*f + 5179 = 5*y. Suppose 0 = -5*x - 220 + y. Is x a composite number?
False
Let j(u) = 3744*u**2 - 18*u - 41. Is j(-2) a composite number?
True
Suppose -4*w + 5*w = 617. Suppose 5*b - 4*d = b + 2444, b = -d + w. Is b prime?
False
Let i = 31604 - 14989. Is i prime?
False
Let x be ((39*-2)/(-3))/(-2). Let s = x - -6. Is 316/(-2)*(-8 - s) a prime number?
False
Suppose -3*k + 414118 = -3*h - 2*h, -552165 = -4*k - h. Is k composite?
False
Let t(c) = 3*c**2 - 1. Suppose -y = s - 1, -5*s + 14 = -5*y - 1. Let n be t(y). Suppose 4*f + 155 = 4*z - 409, 290 = n*z + 2*f. Is z a prime number?
False
Suppose -4*a = 3*k - 104837, 8*a - 13*a - 34914 = -k. Is k prime?
True
Let x(n) be the second derivative of n**5/20 + 5*n**4/4 + n**3 - n**2/2 - 3*n. Is x(-11) composite?
True
Suppose 0 = 6*n + 4*n - 7780. Let i = n + -291. Is i prime?
True
Let z = -44 + 41. Let k(y) = y + 1. Let x(b) = 14*b**3 - 3*b**2 - 3*b - 3. Let u(c) = 2*k(c) - x(c). Is u(z) a composite number?
True
Suppose -896 + 52 = -q. Let l = 1217 - q. Is l prime?
True
Is 77/22*(-27618)/(-21) composite?
False
Let p be (-3)/(-4) - (-65)/20. Suppose -p*o = 2*r + 16, 2*r + 4 = -0*o + 2*o. Is 42/(-14) + (-322)/o a prime number?
False
Suppose 4*g - 192096 + 45932 = 0. Is g a prime number?
True
Is 113/(14/(-9 + 863)) a composite number?
True
Suppose -x - 2*x = 135. Let b = 85 + x. Is 3570/b - (-1)/(-4) a composite number?
False
Suppose 3*z = z + 5*y - 13, -2*z + 2*y = -2. Suppose n - 2*r - 165 = -z*r, -455 = -3*n - 4*r. Suppose -k + 0*k + n = 0. Is k prime?
False
Let y(b) = -3*b - 6. Let o be y(-3). Suppose o*x - 252 = 237. Is x a prime number?
True
Let i(r) = 4*r**2 + 16*r + 143. Is i(-30) a composite number?
True
Let p(z) = -z**2 + 10*z + 10. Suppose 0 = -5*v + 2*a + 4, 0 = -3*v + 3*a - a + 4. Let i be (6 + v - -1)/1. Is p(i) composite?
False
Suppose 68*p = 77*p - 240021. Is p a composite number?
False
Let h(s) = 724*s + 15. Is h(1) prime?
True
Suppose -3*i = i - 20, 4*u + 27 = -i. Let b be (-15)/10*u/3. Suppose b*c = -f + 148, -2*c + 0*f = -f - 80. Is c a composite number?
True
Is (-10)/12*1 - 1188897/(-18) composite?
True
Is 10/(90/(-187317))*-1 composite?
True
Suppose 3*k + 3 = -5*b - 5, -4*k = -b + 3. Let q be k/4 - 147/(-28). Suppose -q*g = -740 - 230. Is g prime?
False
Suppose 3*q - 6*j - 14388 = -3*j, 0 = 2*j - 4. Is q a composite number?
True
Is 445 - (-8 + 12 - 10) composite?
True
Let v = 276 + -409. Is (0 - v)/1 + 6/6 composite?
True
Let q(c) = -34*c**2 - c. Let j be q(-2). Let m = 197 + j. Suppose -h - m = -4*h. Is h a composite number?
True
Let y(n) = -n**3 + 5*n**2 + 3. Let w be y(5). Let l be 2418 + (3 - -9)/w. Let b = -1379 + l. Is b prime?
False
Is (14/(-8))/(((-6)/11608)/3) prime?
False
Suppose -8853 - 3417 = -2*p. Is (4 + 0)*(-5)/(-60)*p a composite number?
True
Let m(s) = 183*s**2 - 30*s - 181. Is m(-14) a composite number?
False
Is (-70876)/(-24) + ((-14)/12 - -1) a prime number?
True
Suppose 0 = -5*n + 7*n. Suppose n = -4*d + 2*d + 534. Is d composite?
True
Let m(o) = -13236*o - 77. Is m(-1) a prime number?
True
Suppose 0 = -5*f + 2528 + 3447. Is f composite?
True
Let s be -2 + 11 - (-1)/(-1). Let l(b) be the second derivative of b**3/6 + 3*b**2/2 - 37*b. Is l(s) a composite number?
False
Let q(w) = 2*w**3 - 22*w**2 - 23*w - 21. Is q(18) a prime number?
False
Suppose -51*w = -48*w - 133671. Is w composite?
True
Let q(u) = -u**2 - 3*u + 3. Let k be q(-3). Suppose o = -k*r - 6, r + 0*r + 5*o = -16. Is (r/3)/((-4)/2292) a prime number?
True
Let b(z) = 16*z + 21. Is b(55) prime?
False
Let z(x) = -2267*x**3 + x**2 - 2*x - 3. Is z(-1) prime?
True
Let m(f) = 439*f. Suppose 10*k - 6*k = 4. Suppose -6 = -5*q - k. Is m(q) composite?
False
Suppose 5522 = 2*l - 5696. Suppose -4*q - 7014 = -5*j, -4*j + 3*q = 2*q - l. Is j composite?
True
Suppose 5*d + 0*d - 2*i - 279745 = 0, 2*i + 167847 = 3*d. Is d prime?
True
Let t(v) = -4*v + 27. Let p be t(5). Suppose 0 = -5*g - n + 5368, -p*g + 4*g + 3204 = -5*n. Is g a composite number?
True
Let b(m) = -m + 6. Let k be b(10). Let u(w) = -w - 3. Let v be u(k). Is (-2)/(v/326*-4) a prime number?
True
Suppose -5*y = -2*m - 0*y + 3679, -4*y = 2*m - 3706. Is m a composite number?
False
Let w(o) = -3*o**2 - 8*o - 8. Let z(d) = -10*d**2 - 25*d - 25. Let h(g) = -7*w(g) + 2*z(g). Let t = 15 - 23. Is h(t) a composite number?
True
Let y = -12 - -28. Suppose -3*i - 12 = -5*f + 10, 2*i - 4*f = -y. Let a(m) = 8*m**2 + 6*m - 1. Is a(i) a prime number?
True
Let r = 44 - -281. Let a = r - 72. Is a composite?
True
Let t be (18/21)/((-2)/(-1148)). Suppose 4*i - t - 88 = 0. Is i a composite number?
True
Suppose 3*c = -0*c + 2556. Suppose -4*t + 78 = 9*t. Suppose t*d + 270 - c = 0. Is d composite?
False
Let u be (-6)/10 + 5/(125/10865). Suppose n - y - u = -2*n, 0 = 4*n + y - 567. Is n a composite number?
True
Let j be -10 + (-3 - -3)*1. Let v = j + 19. Suppose v*a - 4*a + 2*l - 1087 = 0, 5*a - 4*l = 1081. Is a prime?
False
Let i be (1509 - -2) + (-8 - -7). Suppose -i = -3*y - j - 291, 0 = y - 3*j - 413. Is y prime?
False
Suppose -o = 0, 3*f + 0 = 5*o - 258. Let k = 233 - f. Is k a composite number?
True
Suppose -5*j + 10*j - 60 = 0. Suppose -4*b + b = -2*n + 94, 4*b - 4*n = -128. Is (186/(-5))/(j/b) prime?
False
Let z(a) = -49*a**3 - 2*a**2 + 4*a + 11. Is z(-6) prime?
True
Let g(v) be the second derivative of 19*v**3/6 - v**2/2 + 2*v. Suppose 0 = -4*o - 3*d + 11, -10 = -4*o - 0*d - 2*d. Is g(o) composite?
False
Suppose 0 = -3*q + 2*z + 7, 0*q - q - z = -4. Let g be (-13)/1 - q/(-1). Let c(v) = v**2 - 3*v - 3. Is c(g) composite?
False
Suppose -5*g + 0*g - 25 = -5*p, -1 = -3*p - 4*g. Suppose -4*h + 4*i = -7200, -h + 5*i = p*h - 7205. Is h a prime number?
False
Let n = 454359 + -290504. Is n composite?
True
Let q be (2 - (0 + 1)) + 13424/(-4). Let i = q + 4986. Is i a prime number?
False
Suppose -354 - 89 = -m. Is m a composite number?
False
Suppose -36*d = -31*d. Is (3 - d) + -3 - -443 a composite number?
False
Suppose 28*m - 34762 = 14*m. Is m a prime number?
False
Let q(l) = 48*l**3 - 3*l - 4. Let d(y) = 47*y**3 - 3*y - 5. Let n(u) = 7*d(u) - 6*q(u). Let j(c) be the first derivative of n(c). Is j(-2) a composite number?
True
Let n be 4 - (12/90 + 13/15). Is n*1 - (-12)/(6/2) prime?
True
Is (2/4)/(0 + (-8)/(-22544)) composite?
False
Let x(m) = -m**2 - 4*m + 1. Let p be x(-2). Suppose -4723 = -p*k + 1542. Is k composite?
True
Suppose -n - n = 0. Suppose -12 + 4 = -5*y + g, n = y + g - 4. Suppose -806 = -i - 3*z, 0*i - i + y*z = -831. Is i a composite number?
False
Suppose -4053 = -12*v + 5*v. Is v prime?
False
Let d(l) = 11*l**3 - 6*l**3 + 9 - 10*l - 5*l**2 - 4*l**3. Is d(7